{"id":35736,"date":"2024-07-22T13:47:29","date_gmt":"2024-07-22T17:47:29","guid":{"rendered":"https:\/\/orcam.cl\/?post_type=product&#038;p=35736"},"modified":"2024-08-01T13:44:40","modified_gmt":"2024-08-01T17:44:40","slug":"gift-card-10-000","status":"publish","type":"product","link":"https:\/\/orcam.cl\/?product=gift-card-10-000","title":{"rendered":"Gift Card ORCAM"},"content":{"rendered":"<p>\u00a1Tarjeta de regalo ORCAM!<\/p>\n<p>Obt\u00e9n en nuestras tiendas esta grandiosa opci\u00f3n de regalo. Si necesitas dar un gran regalo y tienes duda de cual sea el indicado, realiza la compra de nuestras gift cards y as\u00ed el afortunado podr\u00e1 elegir su opci\u00f3n favorita. Estas tarjetas ser\u00e1n utilizadas exclusivamente en nuestras tiendas. Esta ser\u00e1 v\u00e1lida por 6 meses. Desde el momento del retiro de tu producto tendr\u00e1s la garant\u00eda de 6 meses. Si tu producto seleccionado es de mayor valor, podr\u00e1s pagar la diferencia. El robo o extrav\u00edo es de responsabilidad exclusiva del portador.<\/p>\n","protected":false},"excerpt":{"rendered":"<p>\u00a1Gift Card $10.000!<\/p>\n<p>Sorprende en todas las festividades con nuestras tarjetas de regalo. Podr\u00e1s obtener cualquier producto de nuestras tiendas, realizando el intercambio de tu Gift Card por el art\u00edculo del valor otorgado.<\/p>\n","protected":false},"featured_media":35747,"template":"","meta":{"inline_featured_image":false},"product_cat":[15],"product_tag":[11945],"_links":{"self":[{"href":"https:\/\/orcam.cl\/index.php?rest_route=\/wp\/v2\/product\/35736"}],"collection":[{"href":"https:\/\/orcam.cl\/index.php?rest_route=\/wp\/v2\/product"}],"about":[{"href":"https:\/\/orcam.cl\/index.php?rest_route=\/wp\/v2\/types\/product"}],"wp:featuredmedia":[{"embeddable":true,"href":"https:\/\/orcam.cl\/index.php?rest_route=\/wp\/v2\/media\/35747"}],"wp:attachment":[{"href":"https:\/\/orcam.cl\/index.php?rest_route=%2Fwp%2Fv2%2Fmedia&parent=35736"}],"wp:term":[{"taxonomy":"product_cat","embeddable":true,"href":"https:\/\/orcam.cl\/index.php?rest_route=%2Fwp%2Fv2%2Fproduct_cat&post=35736"},{"taxonomy":"product_tag","embeddable":true,"href":"https:\/\/orcam.cl\/index.php?rest_route=%2Fwp%2Fv2%2Fproduct_tag&post=35736"}],"curies":[{"name":"wp","href":"https:\/\/api.w.org\/{rel}","templated":true}]}}