{"id":38707,"date":"2025-05-28T18:20:23","date_gmt":"2025-05-28T22:20:23","guid":{"rendered":"https:\/\/orcam.cl\/?post_type=product&#038;p=38707"},"modified":"2026-04-13T20:17:42","modified_gmt":"2026-04-14T00:17:42","slug":"logitech-mouse-gamer-inalambrico-g309-lightspeed-white","status":"publish","type":"product","link":"https:\/\/orcam.cl\/?product=logitech-mouse-gamer-inalambrico-g309-lightspeed-white","title":{"rendered":"Logitech: Mouse Gamer Inal\u00e1mbrico y Bluetooth \u2013 G309 Lightspeed White"},"content":{"rendered":"<p>Caracter\u00edsticas:<\/p>\n<p>ESPECIFICACIONES F\u00cdSICAS<br \/>\n. Altura: 120 mm<br \/>\n. Anchura: 64 mm<br \/>\n. Profundidad: 39 mm<br \/>\n. Peso: 86 g<\/p>\n<p>SEGUIMIENTO<br \/>\n. Sensor: HERO 25K<br \/>\n. Resoluci\u00f3n: 100 \u2013 25.600 dpi<br \/>\n. Sin suavizado\/aceleraci\u00f3n\/filtros<br \/>\n. Aceleraci\u00f3n m\u00e1x.: >40 G<br \/>\n. Velocidad m\u00e1x.: >400 ips<\/p>\n<p>RESPUESTA<br \/>\n. Velocidad de respuesta inal\u00e1mbrica LIGHTSPEED: 1000 Hz (1 ms)<\/p>\n<p>OTRAS FUNCIONES<br \/>\n. Incluye seis botones programables totalmente personalizables mediante G HUB<\/p>\n<p>DURACI\u00d3N DE LAS BATER\u00cdAS<br \/>\n. 300 horas con Lightspeed y 600 horas con Bluetooth (pila)<\/p>\n<p>REQUISITOS<br \/>\n. Windows 7 o posteriores<br \/>\n. macOS 10.13 o posteriores<br \/>\n. Chrome OS<br \/>\n. Puerto USB<br \/>\n. Conexi\u00f3n a Internet para Logitech G HUB (opcional)<br \/>\nCONTENIDO DE LA CAJA<br \/>\n. Mouse G309 Lightspeed Blanco<br \/>\n. Receptor USB LIGHTSPEED<br \/>\n. Extensor de cable USB<br \/>\n. Adhesivos de agarre<br \/>\n. Bater\u00eda AA<br \/>\n. Documentaci\u00f3n del usuario<\/p>\n","protected":false},"excerpt":{"rendered":"<p>Caracter\u00edsticas: ESPECIFICACIONES F\u00cdSICAS . Altura: 120 mm . Anchura: 64 mm . Profundidad: 39 mm . Peso: 86 g SEGUIMIENTO . Sensor: HERO 25K . Resoluci\u00f3n: 100 \u2013 25.600 dpi . Sin suavizado\/aceleraci\u00f3n\/filtros . Aceleraci\u00f3n m\u00e1x.: >40 G . Velocidad m\u00e1x.: >400 ips RESPUESTA . Velocidad de respuesta inal\u00e1mbrica LIGHTSPEED: 1000 Hz (1 ms) OTRAS [&#8230;]\n","protected":false},"featured_media":38708,"template":"","meta":{"inline_featured_image":false},"product_cat":[567,616],"product_tag":[15824],"_links":{"self":[{"href":"https:\/\/orcam.cl\/index.php?rest_route=\/wp\/v2\/product\/38707"}],"collection":[{"href":"https:\/\/orcam.cl\/index.php?rest_route=\/wp\/v2\/product"}],"about":[{"href":"https:\/\/orcam.cl\/index.php?rest_route=\/wp\/v2\/types\/product"}],"wp:featuredmedia":[{"embeddable":true,"href":"https:\/\/orcam.cl\/index.php?rest_route=\/wp\/v2\/media\/38708"}],"wp:attachment":[{"href":"https:\/\/orcam.cl\/index.php?rest_route=%2Fwp%2Fv2%2Fmedia&parent=38707"}],"wp:term":[{"taxonomy":"product_cat","embeddable":true,"href":"https:\/\/orcam.cl\/index.php?rest_route=%2Fwp%2Fv2%2Fproduct_cat&post=38707"},{"taxonomy":"product_tag","embeddable":true,"href":"https:\/\/orcam.cl\/index.php?rest_route=%2Fwp%2Fv2%2Fproduct_tag&post=38707"}],"curies":[{"name":"wp","href":"https:\/\/api.w.org\/{rel}","templated":true}]}}